 = 1. List the prime factors of a.
3
Let c(i) = 155*i + 2. What are the prime factors of c(1)?
157
Let m(l) = -2 - 1 - l + 0 + 2. What are the prime factors of m(-3)?
2
List the prime factors of 1 + 0 - -1 - -14.
2
Suppose 5*v - 4*f = 56, -3*v - 2*f + 32 = 2*v. Let w(u) = u - 1 + 0*u - 2. What are the prime factors of w(v)?
5
Suppose 0 = 2*n + 2*n - 76. Let m = n + -12. What are the prime factors of m?
7
Let s = -16 - -11. Let o(c) = -c**3 - 3*c**2 + 4*c + 1. What are the prime factors of o(s)?
31
Suppose -2*n + 3 - 1 = 0, 433 = 2*h + n. List the prime factors of h.
2, 3
Suppose 4 = -0*z + 2*z. Let n be (5 + z)*(2 - 3). Let x = n - -11. List the prime factors of x.
2
Let r = -49 - -78. Suppose 0 = 3*d - r - 13. List the prime factors of (d/(-8))/(1/(-4)).
7
Suppose -3*v - 10 = -8*v. Suppose v*i = 5*a - 3*a + 26, -51 = -4*i + 3*a. What are the prime factors of i?
2, 3
Let w = 142 - 71. Let h = 43 - w. Let o = -15 - h. List the prime factors of o.
13
Let f(n) = 5*n**2 - 12*n + 9. What are the prime factors of f(4)?
41
Let n(t) = -4*t**3 - t**2. Let m be n(-1). Suppose 2*i = -m*i, 5*f = -3*i + 30. Let k = f - 0. List the prime factors of k.
2, 3
Let u be 12/(1 - -2) - -2. Let f(x) = 7*x**2 + 8*x + 3. Let c(s) = 8*s**2 + 9*s + 3. Let n(b) = u*f(b) - 5*c(b). What are the prime factors of n(-2)?
5
List the prime factors of 36 + 2 + 0 - 3.
5, 7
Let g be 3*(3 - (-6)/(-3)). Suppose -g - 3 = -2*v. What are the prime factors of v?
3
Let z = 851 - 442. List the prime factors of z.
409
Let q(u) = -5*u**3 - u**2 - 3*u - 3. Let v be q(3). What are the prime factors of (v/10)/(8/(-20))?
3, 13
Suppose 5 = v - 5*m, -2*v - 2*v - 3*m - 3 = 0. Suppose -5*u + 4*r = -23, 3*r + 6 + v = 0. List the prime factors of u.
3
Let k be 27/3*(2 - 1). Suppose n + k = 4*n. What are the prime factors of n?
3
Let d = 248 - -7. List the prime factors of d.
3, 5, 17
What are the prime factors of 4*3/((-9)/(-6))?
2
Let f(r) be the first derivative of 13*r**5/60 - r**4/12 + r**3/6 - r**2/2 + 2. Let o(a) be the second derivative of f(a). List the prime factors of o(1).
2, 3
Let v = 4 - -1. Suppose -2*l + 4*i - 3 = -v*l, -28 = -5*l + i. What are the prime factors of l?
5
Let x(v) = 5*v. Let c be x(1). Suppose -c*h + 65 = -5*k, 3*h - k - 67 = -5*k. What are the prime factors of h?
17
Suppose 2*k - 5*f - 8 = -0*k, -5*k + 20 = 5*f. Suppose -k*j = -11 - 1. Suppose -j*v - 9 = -4*v. What are the prime factors of v?
3
Let h(w) = w - 4. Let c be h(6). Suppose -m - 11 = -c*m. List the prime factors of m.
11
Suppose -5*v - b = -0*b - 22, 3*v - 3*b - 24 = 0. Suppose -v*w = -3*w - 4. What are the prime factors of w?
2
Let t(z) = z**3 - 3*z**2 + 4*z**3 - 4*z**3 + 2 + 3*z. List the prime factors of t(3).
11
Let l(i) = -i + 43. List the prime factors of l(21).
2, 11
Let w be 4 + -2 - (-4)/2. Let g = w + -2. List the prime factors of 2/((-9)/6 + g).
2
Suppose 56 = 2*f - 2*x, 4*f + 40 = 3*x + 157. What are the prime factors of f?
3, 11
Let b = -17 - -10. Let s(j) = -j**2 + 11*j - 17. Let d be s(7). Let n = b + d. List the prime factors of n.
2
What are the prime factors of 108/(8/2) + 0?
3
List the prime factors of 6/(-8) + (-1026)/(-24).
2, 3, 7
Let y(c) = c**3 + 5*c**2 - c + 3. Let v be (-4)/10 + (-115)/25. List the prime factors of y(v).
2
Let p(s) = 2*s**2 - 6*s - 7. Suppose -5 = -0*w - w. Suppose 0 = -w*r + 3*j + 37, -5*r + 0*r + 13 = 3*j. List the prime factors of p(r).
13
Suppose 24 = 2*s - 10. Suppose -2*l = -s - 13. List the prime factors of l.
3, 5
Let p(m) = m**2 - m - 1. Let i(d) = 3*d**2 + d - 1. Let c be i(1). Let q(s) = s. Let a be q(c). What are the prime factors of p(a)?
5
Let w be 3/(((-18)/8)/(-3)). Let q(y) = -y**3 + 0*y**2 + 5*y**2 + 4 - 2*y**2 + 4*y. What are the prime factors of q(w)?
2
Let n(s) = -s**2 + 2*s + 4. Let t be n(5). Let x = t - -21. What are the prime factors of x?
2, 5
Let i = 15 - 27. What are the prime factors of -4*53*3/i?
53
Let s = -12 - -22. Let h be (5 + -6)*s/(-2). List the prime factors of 43/h - 2/(-5).
3
Suppose -4*p - 8 = 0, 0*i - i = -5*p - 55. List the prime factors of i.
3, 5
Let l(r) = r**3 + 2*r**2 - 2*r. What are the prime factors of l(3)?
3, 13
Suppose -c + 5*g = -5, 5*g + 35 = 7*c - 3*c. Let x = c + -16. List the prime factors of (-8)/12 + (-34)/x.
5
Let m(f) = -29*f - 7. Let s be m(-4). Suppose 4*p - 59 = s. List the prime factors of p.
2, 3, 7
Let s be (-1)/3 - 246/(-9). Let u = s - 19. What are the prime factors of 9/2 - 4/u?
2
List the prime factors of 108/(-24)*2*-9.
3
Suppose 5*p = 2*g - 96, 5*p = 5*g - 315 + 105. Suppose 5*s - 2*d - 2*d = g, 5*d + 5 = 2*s. List the prime factors of s.
2, 5
Suppose 4*o - 134 = -2*h, 2*o + 3*o - 151 = 3*h. List the prime factors of o/12 - 2/3.
2
Let b = 549 - 283. What are the prime factors of b?
2, 7, 19
Let i(k) be the first derivative of -7*k**2/2 - 5*k + 2. List the prime factors of i(-5).
2, 3, 5
Suppose -5*r + 860 = 4*o, -317 = -o - 2*r - 102. List the prime factors of o.
5, 43
Suppose 3*c - 5*c = 4*o - 6, -c = 3. Suppose 0*b - 15 = -o*b. List the prime factors of b.
5
Let v(q) = -q**3 - 6*q**2 - q - 7. Let g be v(-6). Let i be g*1*(-36 - 10). Suppose 2*r + 4*t = i, -5*t - 1 = -3*r + r. What are the prime factors of r?
13
Suppose 3*l - 4*n - 21 = 0, 0*l - 4*l = 5*n - 28. Suppose 6*c = l*c - 40. List the prime factors of c.
2, 5
Let k = -179 + 279. List the prime factors of k.
2, 5
Let n(x) = x**2 + 4*x - 3. What are the prime factors of n(3)?
2, 3
Let i(s) = s**3 + 11*s**2 - s - 4. Let r be i(-11). Suppose -6 - 5 = -4*q - 3*f, -q - 5*f + r = 0. List the prime factors of q.
2
Suppose -11 = 2*j + 7. Let p(s) = -s - 1. Let i be p(j). Let t = 11 - i. What are the prime factors of t?
3
Let k(o) = 3*o - 3. Let d be k(3). Suppose -d*f + f = -90. List the prime factors of f.
2, 3
Suppose -5*u = -5*z - 30, -z + 5*u - 2 = 2*u. Let t = z - -13. List the prime factors of t.
5
Let r(n) be the third derivative of n**4/8 - n**3/2 + 2*n**2. Let i be r(2). Suppose v - u = 15, -i*u + 5 = 3*v + 2*u. List the prime factors of v.
2, 5
Suppose -3*i - 5*a + 836 = 0, -5*i + 1390 = 2*a + 3*a. List the prime factors of i.
277
Let l be -1 + 3 + 4/(-2). What are the prime factors of (-55)/(-5) + l/(-3)?
11
Let h = 52 - 30. Suppose b - 4*b + h = 5*n, 0 = -b + 4*n + 13. List the prime factors of 24/(b/(-6) + 3).
2
Let u = -117 - -225. What are the prime factors of u?
2, 3
Let c be (3/(-9) + -1)*3. What are the prime factors of ((-110)/(-15))/(c/(-6))?
11
Let a(w) = -w**3 + 11*w**2 + w - 8. Let c be a(11). What are the prime factors of 7/((-14)/(-4)) + c?
5
Suppose 5*o = -190 + 80. Let u = 41 + o. What are the prime factors of u?
19
Let o = 3 + 0. Suppose -6*i = -o*i - 54. List the prime factors of i.
2, 3
Let b(f) = -f**3 + 9*f**2 + 6*f - 5. List the prime factors of b(9).
7
Let k = 0 - -94. What are the prime factors of k?
2, 47
Let m be (-2)/6 + (-7)/(-21). List the prime factors of 7/(m + 1/5).
5, 7
Suppose -3*g = 3*d + 3, 0*g - g = 4*d + 7. Let q be 10/(-4)*8/(-10). What are the prime factors of (3/d)/(q/(-4))?
3
Suppose 4*m + 6 - 22 = 0. What are the prime factors of (16/3)/m*9?
2, 3
Let y(f) = -f**3 - 5*f**2 - 5*f - 7. List the prime factors of y(-7).
2, 3, 7
Let m(a) be the second derivative of -a**5/20 - a**4/4 - a**3/6 - 3*a**2/2 + a. Suppose 4*g + 10 = -6, -2*d = 4*g + 24. List the prime factors of m(d).
17
Suppose -2*a - 801 = -5*f, -2*f - f = a - 474. List the prime factors of f.
3, 53
Let r(x) be the third derivative of -x**5/60 - 7*x**4/24 - 5*x**3/6 - 6*x**2. What are the prime factors of r(-4)?
7
Suppose 5*r = -4*j + 18, -4*r + 5 = 3*j - 9. Suppose -4*t - 14 = -2*n, 6*t - 7 = -r*n + 3*t. List the prime factors of n.
5
Suppose 0*k + 4*k = 24. Let r = 12 - k. What are the prime factors of r?
2, 3
Let b(s) = s**2 - 4*s + 1. Let w be b(5). Suppose -5*a - 51 = -3*l - 175, 3*l = w. List the prime factors of a.
2, 13
Suppose -7*b + 50 = -2*b. Suppose 22 = -3*z - 4*c, 0 = 4*z + z - 5*c - b. What are the prime factors of (-9)/z + (-1)/2?
2
Suppose -3*j = -12 + 3. Let r be (0 - j)*(-10)/(-2). Let s = -10 - r. What are the prime factors of s?
5
Suppose -8 = -2*g + 2. What are the prime factors of g?
5
Let t(q) = -7*q. Let z be t(-1). Suppose -5*r - 4*u = -89, -r - 3*u = -z - 2. What are the prime factors of r?
3, 7
Let a 